on factor of 137 and 17125.
137
What is the highest common divisor of 266 and 11438?
266
Calculate the highest common factor of 159 and 1272.
159
Calculate the highest common divisor of 115 and 161.
23
What is the greatest common factor of 130 and 30?
10
Calculate the greatest common divisor of 21 and 49.
7
What is the greatest common factor of 2225 and 25?
25
What is the highest common divisor of 1800 and 216?
72
Calculate the highest common factor of 276 and 851.
23
Calculate the greatest common factor of 182 and 299.
13
Calculate the greatest common divisor of 4900 and 308.
28
Calculate the highest common divisor of 8 and 2858.
2
Calculate the greatest common factor of 156 and 4188.
12
What is the greatest common divisor of 66 and 154?
22
Calculate the highest common divisor of 6 and 21.
3
Calculate the highest common divisor of 5 and 16.
1
Calculate the highest common factor of 120 and 72.
24
Calculate the greatest common divisor of 10 and 9070.
10
Calculate the highest common factor of 136 and 374.
34
Calculate the greatest common divisor of 57 and 1767.
57
What is the greatest common factor of 404 and 101?
101
What is the greatest common divisor of 106267 and 133?
133
Calculate the greatest common factor of 675 and 425.
25
What is the greatest common divisor of 2028 and 12?
12
Calculate the greatest common divisor of 27710 and 170.
170
Calculate the highest common divisor of 1900 and 304.
76
What is the highest common factor of 128 and 8?
8
What is the highest common factor of 135 and 1425?
15
What is the highest common divisor of 910 and 56?
14
Calculate the highest common divisor of 22780 and 201.
67
What is the highest common divisor of 2496 and 5148?
156
What is the greatest common divisor of 208 and 2184?
104
What is the greatest common factor of 3690 and 45?
45
Calculate the greatest common divisor of 159 and 6.
3
Calculate the highest common factor of 1626 and 6.
6
What is the greatest common divisor of 18 and 846?
18
Calculate the highest common divisor of 143 and 26.
13
Calculate the highest common divisor of 6077 and 531.
59
What is the greatest common divisor of 2 and 27?
1
What is the highest common divisor of 600 and 840?
120
Calculate the highest common factor of 88 and 72.
8
What is the highest common factor of 40 and 170?
10
What is the highest common factor of 30 and 345?
15
Calculate the highest common divisor of 3625 and 87.
29
What is the greatest common divisor of 37 and 4699?
37
Calculate the greatest common factor of 10 and 26.
2
Calculate the highest common divisor of 870 and 660.
30
Calculate the highest common factor of 95284 and 82.
82
Calculate the highest common factor of 34 and 9146.
34
Calculate the highest common divisor of 2036 and 12.
4
Calculate the highest common divisor of 144 and 108.
36
Calculate the highest common factor of 1716 and 264.
132
Calculate the highest common factor of 147 and 357.
21
What is the greatest common factor of 82 and 64?
2
Calculate the greatest common factor of 16 and 1048.
8
Calculate the highest common factor of 6504 and 8.
8
Calculate the greatest common divisor of 45 and 6315.
15
Calculate the greatest common factor of 40 and 230.
10
Calculate the greatest common divisor of 21 and 9.
3
Calculate the greatest common factor of 7 and 10493.
7
What is the greatest common divisor of 955 and 4393?
191
Calculate the greatest common divisor of 35 and 1785.
35
Calculate the highest common factor of 952 and 1442.
14
Calculate the highest common divisor of 63 and 49.
7
Calculate the highest common divisor of 2230 and 30.
10
Calculate the highest common divisor of 87 and 435.
87
What is the greatest common factor of 62 and 1116?
62
Calculate the highest common factor of 12 and 27.
3
What is the highest common divisor of 231 and 84?
21
What is the highest common factor of 832 and 91?
13
What is the greatest common divisor of 365 and 146?
73
What is the greatest common factor of 50 and 20?
10
What is the highest common divisor of 4807 and 115?
23
What is the highest common factor of 451 and 44?
11
What is the greatest common factor of 34 and 119?
17
Calculate the highest common factor of 85 and 17.
17
Calculate the greatest common factor of 61306 and 58.
58
What is the greatest common divisor of 368 and 46?
46
What is the highest common factor of 949 and 292?
73
What is the highest common factor of 12 and 14676?
12
What is the highest common factor of 1 and 23?
1
What is the highest common divisor of 1003 and 17?
17
Calculate the greatest common factor of 105 and 9.
3
What is the highest common divisor of 9 and 729?
9
What is the greatest common factor of 8270 and 50?
10
What is the greatest common factor of 94 and 88?
2
What is the highest common factor of 46 and 3473?
23
What is the highest common factor of 9912 and 96?
24
Calculate the greatest common divisor of 117 and 351.
117
Calculate the highest common factor of 303 and 6.
3
Calculate the greatest common divisor of 9 and 327.
3
Calculate the highest common divisor of 39 and 4589.
13
What is the highest common factor of 100 and 540?
20
Calculate the greatest common factor of 116 and 145.
29
Calculate the highest common divisor of 123 and 1025.
41
What is the highest common factor of 214 and 37771?
107
What is the highest common factor of 156 and 1040?
52
Calculate the highest common factor of 66341 and 407.
407
What is the greatest common divisor of 476 and 14042?
238
What is the highest common factor of 442 and 572?
26
Calculate the highest common factor of 14 and 35.
7
What is the greatest common divisor of 40 and 1860?
20
Calculate the greatest common divisor of 1127 and 69.
23
Calculate the greatest common factor of 234 and 1404.
234
Calculate the greatest common factor of 6509 and 207.
23
Calculate the greatest common divisor of 425 and 25.
25
Calculate the highest common divisor of 1 and 233.
1
Calculate the greatest common divisor of 9894 and 68.
34
Calculate the highest common factor of 225 and 30.
15
Calculate the greatest common factor of 13559 and 637.
91
Calculate the highest common divisor of 1836 and 68.
68
What is the greatest common factor of 81 and 48?
3
Calculate the greatest common factor of 196 and 2205.
49
Calculate the highest common factor of 7 and 847.
7
Calculate the greatest common factor of 159 and 212.
53
What is the greatest common divisor of 12 and 172?
4
What is the greatest common divisor of 24 and 438?
6
What is the greatest common divisor of 2491 and 265?
53
What is the highest common divisor of 94 and 2538?
94
Calculate the greatest common divisor of 342 and 76.
38
What is the highest common factor of 53 and 2?
1
Calculate the highest common factor of 120 and 140.
20
What is the highest common divisor of 860 and 2752?
172
What is the highest common divisor of 48 and 2064?
48
Calculate the highest common factor of 62 and 279.
31
What is the greatest common divisor of 20 and 29590?
10
What is the greatest common factor of 4251 and 234?
39
Calculate the greatest common factor of 13 and 1417.
13
Calculate the greatest common factor of 962 and 1586.
26
What is the highest common factor of 18 and 5823?
9
Calculate the greatest common divisor of 156 and 39.
39
What is the greatest common factor of 32 and 7552?
32
Calculate the greatest common factor of 150 and 60.
30
What is the highest common divisor of 133 and 203?
7
What is the highest common divisor of 6472 and 32?
8
What is the greatest common divisor of 120 and 320?
40
Calculate the greatest common divisor of 108 and 9852.
12
Calculate the highest common divisor of 300 and 3525.
75
Calculate the highest common factor of 232 and 1334.
58
Calculate the highest common factor of 96 and 156.
12
What is the greatest common factor of 2048 and 5888?
256
Calculate the greatest common factor of 21 and 21.
21
Calculate the greatest common divisor of 74 and 19388.
74
What is the highest common divisor of 2 and 14?
2
What is the highest common factor of 37 and 111?
37
What is the greatest common divisor of 35085 and 15?
15
Calculate the greatest common divisor of 48 and 54.
6
Calculate the highest common divisor of 5415 and 20.
5
What is the highest common divisor of 164 and 4?
4
What is the highest common divisor of 216 and 96?
24
What is the greatest